 divisor of 14988 and 96.
12
Calculate the highest common divisor of 38581 and 656.
41
What is the greatest common divisor of 41 and 213?
1
Calculate the greatest common divisor of 20 and 1771010.
10
What is the greatest common divisor of 238 and 2550?
34
Calculate the highest common divisor of 832075 and 32080.
2005
What is the greatest common factor of 31274 and 50203?
823
Calculate the highest common factor of 40 and 58188.
4
Calculate the greatest common divisor of 172237 and 260.
13
What is the greatest common divisor of 346168 and 8?
8
Calculate the highest common divisor of 132 and 16368.
132
Calculate the highest common divisor of 105020 and 2655.
295
What is the highest common factor of 8366 and 376?
94
Calculate the highest common factor of 1612 and 5603.
13
Calculate the greatest common factor of 3792 and 1392.
48
What is the greatest common divisor of 14167776 and 58?
58
Calculate the greatest common factor of 286 and 264.
22
What is the highest common factor of 154 and 1582?
14
What is the highest common divisor of 30114 and 3843?
63
What is the greatest common factor of 22237 and 47479?
601
What is the greatest common divisor of 49088 and 57584?
944
Calculate the highest common divisor of 1995 and 14865.
15
Calculate the highest common factor of 1056 and 2784.
96
What is the greatest common divisor of 2478 and 90742?
118
Calculate the greatest common divisor of 1740 and 12030.
30
What is the highest common factor of 364 and 120484?
364
Calculate the highest common divisor of 4890 and 270.
30
Calculate the greatest common divisor of 187 and 7684.
17
What is the highest common divisor of 13323 and 48?
3
What is the greatest common divisor of 60 and 4115?
5
Calculate the greatest common factor of 99 and 22959.
9
Calculate the greatest common divisor of 58300 and 10.
10
What is the highest common factor of 9310 and 19190?
190
Calculate the highest common divisor of 3077 and 2125.
17
Calculate the highest common factor of 738 and 78.
6
What is the greatest common divisor of 9 and 13273335?
9
Calculate the highest common factor of 30952 and 730.
146
Calculate the highest common factor of 10 and 557630.
10
Calculate the greatest common divisor of 2370 and 81054.
474
Calculate the highest common divisor of 6180 and 77662.
206
Calculate the highest common divisor of 432 and 804.
12
What is the greatest common divisor of 39325 and 5434?
143
What is the highest common divisor of 600 and 111960?
120
What is the greatest common divisor of 1762544 and 98?
14
Calculate the greatest common divisor of 15392 and 5018.
26
Calculate the greatest common divisor of 39132 and 36.
36
Calculate the highest common divisor of 4267 and 27353.
17
Calculate the greatest common factor of 6866688 and 768.
768
What is the highest common factor of 2329145 and 455?
455
What is the highest common divisor of 6624 and 4176?
144
What is the greatest common divisor of 19871 and 279?
31
What is the greatest common divisor of 468 and 389129?
13
What is the highest common factor of 7596 and 17302?
422
What is the greatest common divisor of 645 and 45?
15
Calculate the highest common divisor of 2204699 and 7.
7
What is the highest common factor of 637344 and 288?
288
What is the highest common divisor of 565515 and 59?
59
What is the greatest common factor of 32547 and 4161?
57
Calculate the greatest common divisor of 764 and 2520818.
382
What is the greatest common factor of 507 and 26403?
39
Calculate the greatest common divisor of 1148 and 7216.
164
Calculate the highest common divisor of 3916 and 1012.
44
Calculate the greatest common divisor of 21440 and 489100.
1340
Calculate the highest common factor of 786 and 1880898.
786
What is the highest common divisor of 7569 and 7299?
9
What is the highest common divisor of 74533 and 8168?
1021
Calculate the highest common factor of 52 and 38142.
26
What is the greatest common divisor of 340 and 11540?
20
What is the greatest common factor of 202895 and 403?
31
Calculate the greatest common divisor of 12648 and 23064.
744
What is the highest common divisor of 208252 and 44?
44
Calculate the highest common divisor of 738 and 639.
9
Calculate the greatest common factor of 2592 and 66.
6
What is the highest common factor of 46376 and 511190?
1054
Calculate the highest common divisor of 136635 and 405.
15
What is the highest common divisor of 224710 and 181722?
1954
What is the highest common factor of 2202 and 533618?
734
What is the highest common factor of 58435 and 130?
65
Calculate the highest common divisor of 238 and 14756.
238
Calculate the greatest common divisor of 352 and 30008.
88
Calculate the greatest common factor of 38 and 2940022.
38
What is the greatest common divisor of 390 and 2535?
195
What is the highest common divisor of 46838 and 2222?
22
Calculate the highest common factor of 539775 and 225.
225
What is the greatest common factor of 6264 and 19683?
27
What is the greatest common divisor of 503776 and 1092?
364
Calculate the greatest common factor of 762932 and 290.
58
Calculate the highest common divisor of 3287 and 4844.
173
Calculate the highest common factor of 116820 and 715.
55
Calculate the highest common divisor of 2652 and 338.
26
What is the greatest common divisor of 134 and 15745?
67
Calculate the greatest common factor of 292992 and 172438.
1526
What is the highest common divisor of 1138530 and 60?
30
What is the greatest common factor of 1111 and 37067?
101
Calculate the greatest common divisor of 15618 and 12.
6
What is the highest common divisor of 6846 and 357?
21
What is the highest common factor of 748 and 73236?
68
What is the greatest common divisor of 24837 and 34?
17
Calculate the greatest common factor of 2599 and 76953.
113
Calculate the greatest common divisor of 497033 and 614.
307
What is the greatest common factor of 305 and 455182?
61
What is the greatest common factor of 822624 and 19?
19
What is the greatest common factor of 110 and 1826?
22
What is the highest common factor of 98753 and 37?
37
Calculate the highest common factor of 35 and 7300.
5
Calculate the greatest common divisor of 7456 and 24288.
32
What is the highest common factor of 785 and 192796?
157
Calculate the highest common factor of 908 and 168.
4
What is the highest common factor of 660265 and 185?
185
What is the highest common factor of 42 and 11993394?
42
What is the highest common factor of 41396 and 395?
79
Calculate the highest common factor of 241000 and 17000.
1000
What is the highest common divisor of 13771013 and 59?
59
Calculate the highest common divisor of 4732 and 1792.
28
Calculate the greatest common factor of 9405 and 1089.
99
Calculate the highest common factor of 178756 and 23.
23
Calculate the highest common divisor of 10780 and 6622.
154
Calculate the greatest common divisor of 543 and 8910.
3
Calculate the greatest common divisor of 4181 and 888.
37
Calculate the highest common divisor of 3335 and 4485.
115
What is the greatest common divisor of 68 and 3884?
4
Calculate the highest common factor of 1102351 and 67.
67
Calculate the greatest common divisor of 798203 and 3535.
707
What is the greatest common divisor of 220121 and 11?
11
Calculate the highest common divisor of 3059 and 1403.
23
What is the highest common factor of 410 and 16380?
10
Calculate the greatest common factor of 101393 and 82.
41
What is the greatest common factor of 5175 and 2265?
15
What is the greatest common divisor of 2560 and 329216?
512
What is the highest common divisor of 70588 and 2324?
28
What is the highest common factor of 7008 and 244185?
219
Calculate the greatest common divisor of 456 and 1022200.
152
What is the greatest common divisor of 18615 and 75?
15
What is the highest common factor of 287 and 2195263?
287
What is the greatest common factor of 81 and 13015647?
81
Calculate the highest common divisor of 108 and 615840.
12
Calculate the highest common factor of 11 and 1914198.
11
What is the greatest common factor of 350 and 1022?
14
Calculate the greatest common factor of 1298459 and 509.
509
Calculate the greatest common divisor of 77 and 294.
7
What is the highest common factor of 38766 and 130?
26
Calculate the highest common factor of 86222 and 513.
19
What is the greatest common f